g) = -4*g + g + 2*g**2 + 2 - 4*g. Suppose -3*i = -4*d - 7, i + 3*d = -d + 13. List the prime factors of m(i).
17
Let s = 40 - 40. Suppose s = 2*p + p - 324. List the prime factors of p.
2, 3
Let a(u) = -u**2 + 9*u + 12. Let j be a(10). Suppose -j*f - 2*t - 3*t + 9 = 0, 0 = f + t - 3. List the prime factors of f.
2
Let d be 1236/(-60) + (-4)/10. Suppose -5 = -4*m + 15. Let b = m - d. What are the prime factors of b?
2, 13
Let g = -694 + 1180. What are the prime factors of g?
2, 3
Let c(a) = a**2 + 10*a - 21. Let f be c(-16). Suppose -5*l + 50 = -f. What are the prime factors of l?
5
Let c be -2 + (-16)/(-10) - 72/(-5). Let z(u) = 11*u - 35. What are the prime factors of z(c)?
7, 17
Suppose -5*a + 36 = -9. List the prime factors of ((-770)/(-21))/(3/a).
2, 5, 11
Suppose -190*m + 17640 = -185*m. List the prime factors of m.
2, 3, 7
Let l be 6*-1*(-962)/39. Let u = -90 + l. What are the prime factors of u?
2, 29
List the prime factors of ((-4944)/40)/(14/(-105)).
3, 103
Let n = 10 - 6. Suppose -q + 15 + n = 0. Let l = 27 - q. List the prime factors of l.
2
List the prime factors of (-2)/(-16) - (12 - 40692/96).
2, 103
Suppose -5*o = -5, -5*o = -l - l - 1. Suppose -l*n - 25 + 173 = 0. List the prime factors of n.
2, 37
Suppose 0 = -3*a - 6. Let b = 0 - a. Suppose -5*n + b*g = -98, g = -2*n + 3*g + 38. List the prime factors of n.
2, 5
Suppose -5*t - 15 = -8*t. Suppose t*m + m - 432 = 0. What are the prime factors of m?
2, 3
Suppose 4 + 2 = -3*q, -7*g - 3*q = -35897. List the prime factors of g.
23, 223
Suppose -2*i - 12 = -3*n, -2*i + 2*n + 3*n = 16. Let j be (-3 - i) + 8/(-4). List the prime factors of 10*(j - (-7 - -4)).
2, 5
Let f(u) = 24*u**3 + 5*u**2 - 8*u + 3. Let q(l) = -24*l**3 - 4*l**2 + 5*l - 2. Let r(i) = 2*f(i) + 3*q(i). Let h = 1 - 2. What are the prime factors of r(h)?
23
Let m be (-8)/(-12)*(-285 - -3). Let i = -90 - m. What are the prime factors of i?
2, 7
Suppose 3*l + 5*n - 1995 = -0*l, 0 = 5*n. Suppose -4*h = h - l. List the prime factors of h.
7, 19
Let l = 57 - 28. Let f = l - 5. List the prime factors of -3*(-6)/9 + f.
2, 13
Suppose 15*m = 18881 + 3559. List the prime factors of m.
2, 11, 17
Let g(y) = -y**3 - 5*y**2 - 5*y + 3. Let u be g(-4). Suppose u*q = 8*q - 51. List the prime factors of q.
3, 17
Suppose 4*o + 3*l - 2012 = 6974, -l = 2*o - 4492. What are the prime factors of o?
5, 449
Let a(d) = -2*d**2 + 30*d - 78. What are the prime factors of a(11)?
2, 5
Let q(y) = y**2 + 11*y + 14. Let g be q(-8). List the prime factors of (-2)/g - (-133)/35.
2
Let p(s) = -s + 1. Let w be p(0). Let n be -3*(10/(-6) + 1). List the prime factors of (n/(-6))/(w/(-30)).
2, 5
Let o(g) be the third derivative of -g**5/40 - 7*g**4/24 - 2*g**3/3 + 4*g**2. Let p(x) be the first derivative of o(x). List the prime factors of p(-6).
11
Let c(v) = -v**3 + 6*v + 5. Let z be c(-7). Suppose 12*r = 13*r - z. What are the prime factors of r?
2, 3, 17
Suppose -860*k + 1434 = -859*k. List the prime factors of k.
2, 3, 239
Let c be ((-2)/5)/(7/105). Let q = c + 10. Suppose -q*z = z - 120. List the prime factors of z.
2, 3
Let w(x) = 63*x**2 + 7*x - 45. What are the prime factors of w(4)?
991
Suppose 3*k + 0*k + 4*w - 98 = 0, -5*w + 40 = k. What are the prime factors of 6/(k/65) + 1?
2, 7
Let b(m) = m - m + 12 - 10*m - 6*m**2 + 2*m**3. List the prime factors of b(6).
2, 3, 7
What are the prime factors of ((-126)/(-48))/(-7) + (-27043)/(-8)?
2, 5, 13
Suppose -4*p = -2*z + 1108, -z = -5*p + 9*p - 530. List the prime factors of z.
2, 3, 7, 13
Let w(i) = 26*i**2 - 68*i + 1. List the prime factors of w(-7).
17, 103
Let k = -400 - -689. Let t = k + 383. List the prime factors of t/18 + 2/3.
2, 19
Let i be 2/(8/332) - -1. Suppose 0 = 2*x - 52 - i. List the prime factors of x.
2, 17
Let b be ((-4)/2)/(10/455). Let f = b + 161. What are the prime factors of f?
2, 5, 7
Let f be 9/((-27)/(-6)) - -19. Let d = 17 - f. List the prime factors of (-2 + 3)*12 + d.
2
Let q(b) = -2*b**2 - b. Let o be q(0). Suppose -2*d = -3*g + 106, o = d + d + 4. What are the prime factors of g?
2, 17
Suppose j = 14*j - 0*j. Suppose 3*x - 75 - 432 = j. List the prime factors of x.
13
Suppose 2*u + 2 = 6. Suppose 58 + 44 = u*m. List the prime factors of m.
3, 17
Let c(f) = -f**2 + 27*f + 32. Let i be c(32). Let s = -72 - i. What are the prime factors of s?
2, 7
What are the prime factors of (6165/30)/(6/16)?
2, 137
Suppose 5*b - 3645 = -2*s, -4*b = -s - 5*b + 1830. List the prime factors of s.
5, 367
Let d be (5/20*-10)/(2/(-8)). List the prime factors of d - 15 - (0 + -244).
239
Suppose 3*m - 13964 = -4244. What are the prime factors of m?
2, 3, 5
Let x be (146 - 2)*(-28)/21. Let j = x + 337. List the prime factors of j.
5, 29
Let s = 3 + 4. Let n = s + 0. Suppose -z + n + 21 = 0. List the prime factors of z.
2, 7
List the prime factors of (-6864)/352*(-134)/3.
13, 67
Let j be (-4)/(-6)*3 - -2. Let b be (9*1)/(5 - j). Suppose 10*r = b*r + 3. List the prime factors of r.
3
Let s be (-1)/(4/(-3)) + (-1637)/(-4). Suppose 5*t + 5*h = s, 5*t - 5*h - 273 = 167. What are the prime factors of t?
5, 17
Suppose 4*j - 137 = 5*o, 6*j - 2*j - 132 = 4*o. Suppose 5*w - j = w. Suppose 2*c + w = 3*c. What are the prime factors of c?
7
Let n(s) = 2*s**2 + 14*s - 218. List the prime factors of n(-24).
2, 13, 23
Suppose 4*b - 2759 = 2*p + 5835, b + 3*p = 2145. List the prime factors of b.
2, 3, 179
Suppose -4*h + 7 + 9 = 0, -2*f + 944 = 5*h. What are the prime factors of f?
2, 3, 7, 11
Let g = -121 - -309. Let a = 310 - g. Suppose 0 = 5*p + 3*y - 136, 5*p - a = -0*y + 4*y. List the prime factors of p.
2, 13
Let k(l) = 2*l - 11. Let p be k(8). Suppose -5*y + p*a + 30 = 0, -a = 1 - 0. Suppose -5*s + 2*t + 16 = -1, -3*s + 14 = -y*t. List the prime factors of s.
3
Suppose 0 = 4*g + 5*i - 27, g + 6 = -g + 4*i. Suppose -s - g = -8. Suppose -3*j = -s*j + 74. List the prime factors of j.
37
What are the prime factors of 11/11 - 5/(10/(-7916))?
37, 107
Suppose -a - 2*a = 270. Let v = -23 - a. What are the prime factors of v?
67
List the prime factors of 3/(-9) - (-89280)/54.
3, 19, 29
Suppose -137 = 8*g - 3337. List the prime factors of g.
2, 5
Suppose 0 = 4*c - 7*c + 2*g + 20, 2*c - 24 = -4*g. Suppose -9*s + c*s + 85 = 0. What are the prime factors of s?
5, 17
Suppose -5*o = -38 + 13. Suppose o*c - 3*f - f - 832 = 0, -c = -f - 166. List the prime factors of c.
2, 3, 7
Let q(o) = -11*o**2 + 2*o + 11. Let i(z) = -5*z**2 + z + 6. Let c(w) = 13*i(w) - 6*q(w). Let r be c(7). List the prime factors of r/6*(8 + -5).
2, 17
List the prime factors of (114/(-12) - -10)*3982.
11, 181
Let y(r) = -3*r**3 + 21*r**2 - 7*r + 21. Let h(n) = -n**3 + 10*n**2 - 3*n + 11. Let w(j) = -9*h(j) + 4*y(j). What are the prime factors of w(-5)?
5, 43
Let x(m) = m**3 - 19*m**2 - 9*m - 7. List the prime factors of x(21).
2, 7
Let r(h) = 230*h**2 - 4*h + 9. What are the prime factors of r(2)?
3, 307
Let v = 11 - 2. Suppose -2*j - v = -2*z - j, j = -2*z + 11. Suppose -5 = z*o - 80. List the prime factors of o.
3, 5
Let k(u) = -u + 2. Let a be k(6). Let f(x) be the second derivative of x**4/4 - 7*x**3/6 - 4*x**2 + 31*x - 1. List the prime factors of f(a).
2, 17
Suppose -16*o + 8 = -12*o. Suppose 5*i - 160 = -3*q, -o*q + i = -116 + 5. List the prime factors of q.
5, 11
Let b = 8 - 1. Let o = 12 - b. Suppose 0 = n + 2*j - o, 0 = -j + 2*j + 3. List the prime factors of n.
11
Let s(v) = 6*v**2. Let x be s(-2). Let u be 9/2*x/18. List the prime factors of (2/u)/((-3)/(-36)).
2
Let x(c) = 610*c**2 - 10*c - 6. What are the prime factors of x(-2)?
2, 3, 409
Let s be (33/(-6))/(2/24). Suppose -3*f = z - 124, 7*z + 100 = 8*z - 3*f. Let j = s + z. What are the prime factors of j?
2, 23
Let s(m) = 26*m**3 - m**2. Let c(q) = 3 - 9*q + 4*q**2 + 0*q + 6 - 3*q**2. Let n be c(8). List the prime factors of s(n).
5
Suppose -6 - 12 = 3*o. Let k be 19 - o - 1*-1. Suppose 3*z - k = 28. What are the prime factors of z?
2, 3
Let z be 6/39 - ((-18)/(-39))/3. Suppose -5*l - 391 + 1441 = z. List the prime factors of l.
2, 3, 5, 7
Suppose 786 = -3*h + 102. Let l = h + 321. List the prime factors of l.
3, 31
Let r(g) = 4*g**2 + 34*g - 103. List the prime factors of r(-19).
5, 139
Suppose 10*c - 15*c + 15 = 0. Suppose 4*v = 3*g - 8*g + 277, 0 = c*g + 5*v - 174. What are the pr